*2 + 0 + 3/8*q**4 + 7/6*q**l. Calculate z(-6).
-11
Let g(x) = -2 + 7*x + 5*x - 4*x - 5*x. Let v(c) = c - 1. Let y be v(-4). Determine g(y).
-17
Let p(g) = g**3 - 3*g**2 + 5*g - 16. Let b be p(3). Let n(i) = 40*i. Give n(b).
-40
Let f(k) = k**2 - 6*k - 39. Let s be f(10). Let c(l) be the first derivative of 2*l - 1 - 1/2*l**2. Determine c(s).
1
Let p = 1182 - 1173. Let h(d) = d**3 - 8*d**2 - 6*d - 5. Calculate h(p).
22
Let b(x) = 4*x + 21. Let u be 315/42*((-5)/3 - -1). Give b(u).
1
Let d(j) = -4*j + 6. Let t be 11 - (4/(-6) + 55/15). Determine d(t).
-26
Let w(k) = k**2 - 5*k - 4. Let n(i) = i**2 - i - 1. Let y(q) = 2*n(q) - w(q). Suppose 3*x = 2*x - u, -4*u - 8 = 2*x. Suppose 4*a + 16 = x. Calculate y(a).
2
Let z(m) = -25*m**2 + 6*m + 8. Let v(w) = -9*w**2 + 2*w + 3. Let j(u) = -11*v(u) + 4*z(u). Determine j(2).
-1
Suppose -3*s - 4*u = -6*u + 8, -s - u = -4. Suppose x + 2 = -s*a + 2*a, -3*a = -3*x. Let y(q) = -35*q + 38*q + 6*q**x - q**3 - 2 - 7. Give y(6).
9
Let g(v) = -v**3 + 4*v**2 + 4. Suppose -4*i - 2*k = -108, -2*i + 5*k + 18 = -60. Let l = 33 - i. Give g(l).
4
Let k(w) be the second derivative of -5/2*w**2 + 0 + 12*w + 1/6*w**3. Give k(5).
0
Let w be 70/25*(-10)/(-4). Suppose 15 = w*t - 2*t. Let p(z) = -3*z**2 - 23 + 4*z + 17 + 10 - z**t. Calculate p(-3).
-8
Let o(f) = -43 - 60 + 3*f**2 + 99. Give o(-2).
8
Let q(s) be the third derivative of 0*s + 0 + 1/30*s**5 + 1/8*s**4 - 1/120*s**6 - 2/3*s**3 - 2*s**2. Let m(a) = -a**2 - 15*a - 41. Let z be m(-11). Give q(z).
-4
Let f(p) = -p**3 + p**2 + p + 9. Suppose -2*x - w + 11 = 14, 4*w + 12 = -x. Determine f(x).
9
Let g(d) be the second derivative of d**5/60 + 5*d**3/3 + 17*d**2/2 - 16*d. Let i(n) be the first derivative of g(n). What is i(0)?
10
Let p be 4*(2 - (-12)/(-8)). Let z(d) = -d - 1. Let a(y) = -7*y - 5. Let m(h) = a(h) - 6*z(h). Calculate m(p).
-1
Let r(g) = -g**2 - 13*g - 23. Let o be r(-11). Let c(n) = -3*n**3 + 7*n**2 - 2*n + 4. Let z(f) = f**3 - f**2 - 1. Let b(d) = o*c(d) - 5*z(d). Give b(-2).
5
Let g(f) be the third derivative of -17*f**5/60 + f**3/6 - 22*f**2. Let u(o) = -o + 2. Let q be u(1). Give g(q).
-16
Let t be 7 + (1 + -2)*0. Let u(n) = -2*n - n + n**3 - 7 - 6*n + t*n**2. What is u(-8)?
1
Let u = 4 + 2. Let b = u - 3. Let q be 0/b + (-1)/1. Let f(m) = 6*m**3 - 2*m**2 - m. What is f(q)?
-7
Suppose 4*f - 4*o - 40 = 0, -2*o = 4*f - 4*o - 30. Suppose f*v - 24 = -v. Let r(n) = -12*n**2 - v*n**2 - 22 + 23. Calculate r(-1).
-15
Let p(o) = -o - 1. Suppose 11*z + 0 = 77. What is p(z)?
-8
Suppose -5*z - 2*b + 4 = -z, -2*b = -z + 6. Let v(n) = 4*n - 6. Let g be v(z). Let t(p) = p**3 + p + 2. Determine t(g).
12
Let u be (4 + (-52)/12)*111. Let h = -23 - u. Suppose -2*k - 4 + h = 0. Let n(m) = m**3 - 6*m**2 + 7*m - 7. Give n(k).
3
Let c(i) be the second derivative of -i**4/4 + i**3/3 + i**2/2 + 247*i. What is c(3)?
-20
Let h(x) = 2*x**2 - 3*x - 6. Suppose 0 = -34*o + 87*o + 159. What is h(o)?
21
Let o(s) be the third derivative of -s**7/2520 + s**6/720 - s**5/30 - s**4/6 - 9*s**2. Let y(r) be the second derivative of o(r). Calculate y(0).
-4
Let o(v) = v**3 - v**2 - 2*v + 1. Let n(a) = 5*a**3 + 3*a**2 - a + 5. Let t(k) = n(k) - 4*o(k). Determine t(-6).
-5
Suppose -116 = 5*y - 21. Let m = y + 15. Let d(a) = -a**3 - 5*a**2 - 5*a - 2. Give d(m).
2
Let w(d) = 5 - 4 + d**2 - 2 + 7 + 5*d. Let v be (-6 + 4)/((-23)/(-69)). Calculate w(v).
12
Suppose -5*t - 13 - 12 = 0. Let s be (-1)/((-3)/t)*3. Let x(k) = 11*k - 7*k - 7*k - k**3 - 5 - k**2 - 4*k**2. Give x(s).
10
Suppose 2*a - 5*s + 55 = 0, -a - 30 = -4*s + 2. Let r(y) = y**3 + 20*y**2 + y + 20. Calculate r(a).
0
Let c(u) = -30*u + 63. Let v(z) = -8*z + 21. Let a(j) = 2*c(j) - 7*v(j). Determine a(-5).
-1
Let n(b) = -b. Let d(k) be the second derivative of k**3/2 + k. Let o(h) = 2*d(h) + 5*n(h). Suppose -23*j + 15 = 4*f - 20*j, -f + 12 = -2*j. Give o(f).
6
Let h(p) = 2*p**2 + 2*p + 7. Let y(x) = -2*x**2 - 2*x - 6. Let m(i) = 3*h(i) + 4*y(i). Give m(-2).
-7
Let x(p) = -739 - 6*p**2 + p**3 + 739 - 6*p. Calculate x(7).
7
Let h(t) = -t - 13. Suppose 0 = 74*l - 82*l - 24. Give h(l).
-10
Let m(o) = 2*o + 3. Suppose 13*t - 10*t = -12. What is m(t)?
-5
Let m = -177 + 181. Let t(j) = -j**3 + 3*j**2 + 2*j - 2. Give t(m).
-10
Suppose -5*j - 21 - 10 = -3*o, -18 = o + 4*j. Let t(c) = -7*c + 4 + 5*c + 3*c + o*c. Calculate t(6).
22
Let f be (0 - 10/35)*-7 - 6. Let y(p) = p**2 + 7*p + 5. Determine y(f).
-7
Let f(j) = 1 + 108*j - 219*j + 109*j. Give f(4).
-7
Let i(m) be the third derivative of -1/8*m**4 - 14*m**2 + 0 + 0*m + 0*m**3. Let c(n) = -n**3 - 3*n**2 + 5*n + 3. Let g be c(-4). What is i(g)?
3
Let w = 65 + -36. Let h(b) = 8*b - w*b**2 + 3*b**3 - 2*b**3 - 2*b**3 + 24*b**2 + 9. Give h(-6).
-3
Let h(v) = -39 + v + 23 + 20 - v**2. Give h(-3).
-8
Let t(z) = 5*z + 1. Let r = -7 - -11. Suppose 2*a + 0 - r = 0. Suppose 0 = y + a - 0. Determine t(y).
-9
Let q be (-120)/140*-7 + -1 + 1. Let d(i) = i**3 - 6*i**2 - 6*i. Calculate d(q).
-36
Let y(p) = 7*p**3 - 2*p**2 + p. Suppose -70*l + 68*l + 2 = 0. What is y(l)?
6
Suppose 40 = -6*x - 2. Let g(z) = z**3 + 7*z**2 + 7*z + 8. Give g(x).
-41
Let v(f) be the first derivative of 18 - 1/3*f**3 + f**2 + 3*f. Determine v(4).
-5
Suppose -4*o = -0*o - 8. Let i be 0 + -2 + (-2 - 0)*-8. Let m(h) = 1. Let x(z) = -2*z + 8. Let g(y) = i*m(y) - 2*x(y). What is g(o)?
6
Suppose z - 16 = -2*p, -5*p - 3*z + 21 = -19. Suppose 0 = 2*l - b - 12, -l + p = -4*l - 5*b. Let k(x) = 0*x + 11*x - l*x - 1 + 2. Determine k(1).
8
Let u(k) be the third derivative of -k**6/360 - k**5/30 + 7*k**3/3 - 9*k**2. Let s(v) be the first derivative of u(v). Calculate s(-3).
3
Let m(s) = s**2 - 6*s. Let g(p) = 140*p + 425. Let l be g(-3). What is m(l)?
-5
Let o(h) = -h**3 + 4 - h + 178*h**2 + 0*h**3 + 1 - 181*h**2. Give o(-4).
25
Let z be (-3)/6 + (-9)/(-2). Let b(w) be the second derivative of w**3/3 - 3*w**2/2 + 68*w. Determine b(z).
5
Suppose -24 = -5*z + 4*w, 3*z + 4*w - 6*w - 14 = 0. Suppose 2*o = -z*u - 2, 2*o - 2 + 0 = 0. Let q(j) = 6*j**3 + j. What is q(u)?
-7
Let q(y) = 942 - y - 1865 + 940. Determine q(16).
1
Let s(t) = t**3 + 5*t**2 + 3*t - 4. Suppose 3*i - 2*g + 0*g - 4 = 0, 0 = -i + 5*g + 10. Let j = -4 + i. Give s(j).
0
Let r(s) = s**2 - 4*s + 5. Suppose 10*f = 12*f - 16. Let g(a) = -a**3 + 8*a**2 + a - 4. Let v be g(f). Give r(v).
5
Suppose -w = 4*w + 25, 2*w + 8 = -l. Let d(q) = 18*q - 1. Let a(b) = -10*b. Let m(k) = -5*a(k) - 3*d(k). Determine m(l).
-5
Let m(t) = -1 - 1 - 40*t**3 + t + 39*t**3 + 1 + 5*t**2. Let n be 5/(-2)*2/(-1). Calculate m(n).
4
Let h(l) = -l - 5. Let j(d) be the second derivative of 6*d + 0 + 1/12*d**4 + 7/6*d**3 - d**2. Let c be j(-6). What is h(c)?
3
Let l(k) be the first derivative of k**3/3 - 5*k**2/2 - 5*k - 42. Calculate l(6).
1
Suppose -5*p + 40 = -10*p - 4*c, 3*c = -15. Let x(k) be the first derivative of k**4/4 + 2*k**3/3 - 3*k**2/2 + 5*k + 2. Calculate x(p).
-15
Let p(w) = -w**3 - w**2 - w + 2. Let q(m) = 5*m**3 + 22*m**2 + 6*m + 3. Let c(n) = 6*p(n) + q(n). Give c(16).
15
Let r(l) = -l + 17. Let x be r(12). Let v = x + -3. Let p(c) = -c + 13*c**2 + 2 - 57*c**2 + 46*c**2. Give p(v).
8
Let d = -416 + 418. Let g(s) be the first derivative of d - 2*s**2 - 3*s - 1/4*s**4 - 4/3*s**3. Calculate g(-2).
-3
Let s(x) = -x**3 + 7*x**2 + 7*x + 7. Let w(b) = b**3 + 11*b**2 + 9*b - 2. Let p be w(-10). Let a be s(p). Let o(u) = -5*u**3 - u - 1. Calculate o(a).
5
Let r(z) = 3*z**2 - 18*z + 27. Let h(o) = o**2 - 6*o + 9. Let b(u) = -11*h(u) + 4*r(u). Let p = -28 - -34. Calculate b(p).
9
Let b(y) = -y + 9. Let w be 6/5*(-6)/12*-90. Let s = w + -48. Determine b(s).
3
Let x(g) = 5*g**2 - 6*g + 12. Let z(n) = -13*n**2 + 19*n - 34. Let b(a) = 11*x(a) + 4*z(a). Determine b(-3).
-7
Let r(l) = l**3 - 5*l**2 + 2*l - 4. Let a(b) = b**2 - 11*b + 28. Suppose -5*s + 50 = -2*f, -2*s - 9 = 3*f + 2*f. Let d be a(s). Calculate r(d).
-12
Let k(c) = -2*c**2 - 21*c + 9. Suppose 47*p + 55 = 42*p. What is k(p)?
-2
Let l(i) = 2 + 3 + 4 + 3*i - 5. Let t be l(-3). Let b(m) = -m**2 - 9*m - 5. What is b(t)?
15
Let k(z) = 19 + 8*z + 12 - 32 + 8. Calculate k(-3).
-17
Suppose 0 = 2*v - 76 + 86. Let x(z) = 5*z - 5. Give x(v).
-30
Suppose 0*v + 3*v - 9 = 0. Let z(y) = -1. Let c(x) = x - 1. Let m = -149 + 147. Let l(g) = m*z(g) + 4*c(g). What is l(v)?
1